?
False
Is 850447292 a multiple of 3547?
False
Is 2833 a factor of 787099729?
False
Is 76 a factor of 47056070?
False
Is 6 a factor of 53763201?
False
Does 144 divide 20648950?
False
Does 4656 divide 515281885?
False
Is 15 a factor of 14328630?
True
Does 353 divide 525819975?
True
Is 845 a factor of 335670335?
True
Is 44663565 a multiple of 3?
True
Is 223 a factor of 13621658?
False
Does 44 divide 27105301?
False
Does 13 divide 471901?
False
Is 13310168 a multiple of 6?
False
Is 932 a factor of 33099980?
True
Is 6355443949 a multiple of 9?
False
Is 113574246 even?
True
Is 13 a factor of 949647127?
True
Does 341 divide 341293942?
True
Is 2 a factor of 56074795?
False
Does 15 divide 1502254770?
True
Is 765066120 a multiple of 156?
True
Is 9522646 a multiple of 469?
False
Is 632781081 a multiple of 46?
False
Is 12 a factor of 47786940?
True
Does 1624 divide 308543760?
True
Does 28 divide 69141716?
True
Does 216 divide 3176261?
False
Is 91 a factor of 17365452?
False
Does 9 divide 681974185?
False
Is 271206849 a multiple of 188?
False
Is 20061910 a multiple of 11?
True
Is 156131052 a multiple of 2636?
False
Is 372 a factor of 1007815332?
True
Is 480 a factor of 36578941?
False
Is 575 a factor of 2636579125?
True
Does 10 divide 163005728?
False
Does 196 divide 334338368?
True
Does 344 divide 23648925?
False
Does 324 divide 24225875?
False
Is 457 a factor of 1510313957?
False
Does 3 divide 19734637?
False
Is 6497 a factor of 842089164?
True
Is 11 a factor of 56912636?
True
Is 445173216 a multiple of 316?
True
Is 1705151 a multiple of 89?
True
Does 75 divide 31875075?
True
Is 222948857 a multiple of 1741?
False
Is 133185006 a multiple of 9?
True
Is 13856640 a multiple of 20?
True
Is 12 a factor of 7481803?
False
Does 1230 divide 257996288?
False
Does 13 divide 299327193?
False
Does 1264 divide 641286608?
True
Is 670 a factor of 1652977770?
True
Is 23 a factor of 10407858?
False
Is 124 a factor of 6665927715?
False
Is 444 a factor of 114716280?
True
Does 11 divide 28093471?
False
Is 8 a factor of 1882700016?
True
Does 271 divide 147055029?
False
Is 1227015479 a multiple of 1179?
False
Does 16 divide 102557040?
True
Does 13 divide 118428882?
True
Is 9436112 a multiple of 56?
True
Is 2 a factor of 7758883?
False
Is 90291432 a multiple of 1306?
False
Is 58543645 a multiple of 3?
False
Does 67 divide 187675516?
False
Is 10 a factor of 1664506873?
False
Is 20 a factor of 87560311?
False
Is 6 a factor of 19874448?
True
Is 837917604 a multiple of 36?
True
Does 299 divide 28351479?
True
Does 935 divide 71939835?
True
Does 38 divide 5174782?
False
Is 4555 a factor of 175259095?
False
Does 474 divide 736529301?
False
Is 11 a factor of 1978469702?
True
Does 258 divide 147351540?
True
Is 11 a factor of 500925007?
True
Is 13 a factor of 2173227890?
False
Is 3 a factor of 5133117?
True
Is 141020730 a multiple of 482?
False
Is 75664262 a multiple of 65?
False
Is 4 a factor of 1021868?
True
Is 5517523 a multiple of 11?
True
Is 3 a factor of 24398186?
False
Does 3665 divide 2576900135?
False
Is 957900 a multiple of 1236?
True
Is 568733214 a multiple of 811?
True
Does 44 divide 1056951852?
True
Does 114 divide 2600112?
True
Is 61 a factor of 5249976?
False
Is 124320 a multiple of 21?
True
Is 37103448 a multiple of 59?
True
Is 210007786 a multiple of 59?
True
Is 14835112 a multiple of 164?
True
Does 62 divide 184256571?
False
Is 201961734 a multiple of 669?
True
Is 20 a factor of 99726315?
False
Is 5814 a factor of 1925079354?
True
Does 489 divide 26533140?
True
Is 74628456 a multiple of 79?
True
Is 21 a factor of 774181414?
False
Is 93051200 a multiple of 1870?
True
Is 134084505 a multiple of 939?
True
Is 1187628816 a multiple of 508?
True
Is 208334608 a multiple of 7?
False
Does 6 divide 1053993?
False
Is 359 a factor of 818264392?
True
Is 71358168 a multiple of 1883?
True
Is 8046360 a multiple of 143?
False
Does 206 divide 3463703158?
True
Does 5 divide 14334862?
False
Is 712085698 a multiple of 41?
False
Is 64 a factor of 3070656?
True
Does 11 divide 47123829?
False
Does 273 divide 43557710?
False
Is 31143712 a multiple of 466?
True
Is 101108093 a multiple of 44?
False
Does 9 divide 57941600?
False
Is 481 a factor of 57198208?
False
Is 720 a factor of 383551200?
True
Is 165 a factor of 118857255?
True
Is 90 a factor of 40666590?
True
Is 190900798 a multiple of 899?
False
Does 131 divide 102220086?
True
Is 154 a factor of 3309241855?
False
Is 3181626 a multiple of 54?
True
Does 16 divide 39661312?
True
Is 55862520 a multiple of 911?
True
Is 947 a factor of 159762688?
True
Is 422838262 a multiple of 49?
False
Is 36043824 a multiple of 186?
True
Is 9 a factor of 138048345?
True
Is 248 a factor of 287707280?
True
Is 423214031 a multiple of 359?
False
Is 1604933056 a multiple of 232?
False
Does 1218 divide 987413112?
True
Does 63 divide 9871089?
False
Does 486 divide 103006242?
True
Does 229 divide 215847156?
True
Does 26 divide 168578124?
True
Is 240289316 a multiple of 83?
True
Is 10408320 a multiple of 9?
True
Is 16498541 a multiple of 51?
False
Does 1539 divide 1283387490?
True
Does 275 divide 2596700474?
False
Does 652 divide 31254162?
False
Is 294410214 a multiple of 14?
True
Is 8 a factor of 25056571?
False
Is 391 a factor of 30652054?
True
Does 361 divide 7978100?
True
Is 2507762 a multiple of 9?
False
Is 7 a factor of 850558590?
True
Is 295656996 a multiple of 102?
True
Is 124241230 a multiple of 457?
False
Is 14 a factor of 6131691710?
False
Does 50 divide 212550669?
False
Does 65 divide 143404197?
False
Does 17 divide 30572242?
False
Is 27 a factor of 516783024?
True
Is 1046802218 a multiple of 2135?
False
Is 320 a factor of 119040960?
True
Does 6 divide 519714?
True
Does 11 divide 1485695146?
False
Does 213 divide 296085762?
True
Is 525 a factor of 1695001691?
False
Is 638 a factor of 61954904?
True
Is 88523260 a multiple of 763?
True
Is 60 a factor of 45090780?
True
Is 2373 a factor of 267045555?
True
Does 103 divide 3665115847?
True
Is 355427904 a multiple of 39?
True
Does 2979 divide 944054007?
False
Does 8 divide 262524505?
False
Is 38220394 a multiple of 13?
False
Does 898 divide 155245607?
False
Does 1020 divide 355598520?
True
Is 374 a factor of 7076610?
False
Is 738 a factor of 103753944?
True
Does 107 divide 148177077?
False
Does 51 divide 64773927?
True
Does 50 divide 557895800?
True
Is 80979111 a multiple of 7348?
False
Is 575 a factor of 684683550?
True
Is 2058942760 a multiple of 476?
True
Is 122 a factor of 45065458?
True
Is 3166 a factor of 2388394009?
False
Does 378 divide 37335132?
False
Is 45238339 a multiple of 487?
False
Is 1922 a factor of 85705824?
True
Is 203 a factor of 3006290?
False
Does 95 divide 1906132345?
True
Is 12351027 a multiple of 17?
True
Does 3 divide 78048402?
True
Does 3 divide 1276008?
True
Is 10425 a factor of 2743670884?
False
Is 244 a factor of 168095965?
False
Is 38 a factor of 95991024?
False
Does 720 divide 4937596?
False
Does 3 divide 147665506?
False
Does 612 divide 2400724224?
True
Does 414 divide 248989122?
True
Does 78 divide 265622370?
True
Does 29 divide 114208579?
False
Does 4265 divide 260262753?
False
Is 111 a factor of 95415600?
True
Does 47 divide 2584977487?
True
Is 66660097 a multiple of 77?
False
Is 57647844 a multiple of 27?
False
Is 58908566 a multiple of 37?
False
Is 205495 a multiple of 228?
False
Is 353082392 a multiple of 109?
True
Is 26 a factor of 82727626?
False
Is 1121381 a multiple of 1587?
False
Is 675963659 a multiple of 7?
True
Does 93 divide 721013249?
False
Is 379 a factor of 51752588?
False
Is 23 a factor of 109780408?
False
Is 4469774277 a multiple of 1333?
True
Is 1329 a factor of 1616762727?
False
Is 80 a factor of 825201440?
True
Does 6933 divide 217827927?
True
Is 321306297 a multiple of 28?
False
Does 3 divide 138872401?
False
Does 1971 divide 242834514?
False
Is 16 a factor of 1944882?
False
Is 75 a factor of 24151575?
True
Is 125 a factor of 15625375?
True
Is 15 a factor of 110490390?
True
Is 6962613 a multiple of 76?
False
Is 132527782 a multiple of 2120?
False
Does 466 divide 199469902?
True
Is 62 a factor of 71492200?
True
Is 27 a factor of 2499477371?
False
Does 1167 divide 57652134?
True
Is 43 a factor of 8159121?
True
Does 1167 divide 44899144?
False
Is 40 a facto